{"id":278,"date":"2023-11-11T18:24:55","date_gmt":"2023-11-12T00:24:55","guid":{"rendered":"https:\/\/bcs.com.sv\/?page_id=278"},"modified":"2023-12-06T23:53:23","modified_gmt":"2023-12-07T05:53:23","slug":"soluciones-de-inventario","status":"publish","type":"page","link":"https:\/\/bcs.com.sv\/?page_id=278","title":{"rendered":"Soluciones de Inventario"},"content":{"rendered":"\t\t<div data-elementor-type=\"wp-page\" data-elementor-id=\"278\" class=\"elementor elementor-278\">\n\t\t\t\t\t\t\t<div class=\"elementor-element elementor-element-40cf9a4 e-flex e-con-boxed e-con e-parent\" data-id=\"40cf9a4\" data-element_type=\"container\" data-settings=\"{&quot;content_width&quot;:&quot;boxed&quot;}\" data-core-v316-plus=\"true\">\n\t\t\t\t\t<div class=\"e-con-inner\">\n\t\t\t\t<div class=\"elementor-element elementor-element-4538e9a elementor-widget elementor-widget-heading\" data-id=\"4538e9a\" data-element_type=\"widget\" data-widget_type=\"heading.default\">\n\t\t\t\t<div class=\"elementor-widget-container\">\n\t\t\t<style>\/*! elementor - v3.17.0 - 08-11-2023 *\/\n.elementor-heading-title{padding:0;margin:0;line-height:1}.elementor-widget-heading .elementor-heading-title[class*=elementor-size-]>a{color:inherit;font-size:inherit;line-height:inherit}.elementor-widget-heading .elementor-heading-title.elementor-size-small{font-size:15px}.elementor-widget-heading .elementor-heading-title.elementor-size-medium{font-size:19px}.elementor-widget-heading .elementor-heading-title.elementor-size-large{font-size:29px}.elementor-widget-heading .elementor-heading-title.elementor-size-xl{font-size:39px}.elementor-widget-heading .elementor-heading-title.elementor-size-xxl{font-size:59px}<\/style><h4 class=\"elementor-heading-title elementor-size-default\">Soluciones de Inventario<\/h4>\t\t<\/div>\n\t\t\t\t<\/div>\n\t\t\t\t\t<\/div>\n\t\t\t\t<\/div>\n\t\t<div class=\"elementor-element elementor-element-2e2e2f8 e-flex e-con-boxed e-con e-parent\" data-id=\"2e2e2f8\" data-element_type=\"container\" data-settings=\"{&quot;content_width&quot;:&quot;boxed&quot;}\" data-core-v316-plus=\"true\">\n\t\t\t\t\t<div class=\"e-con-inner\">\n\t\t<div class=\"elementor-element elementor-element-71f3af3 e-con-full e-flex e-con e-child\" data-id=\"71f3af3\" data-element_type=\"container\" data-settings=\"{&quot;content_width&quot;:&quot;full&quot;}\">\n\t\t\t\t<div class=\"elementor-element elementor-element-2653a51 elementor-invisible elementor-widget elementor-widget-image\" data-id=\"2653a51\" data-element_type=\"widget\" data-settings=\"{&quot;_animation&quot;:&quot;fadeInLeft&quot;}\" data-widget_type=\"image.default\">\n\t\t\t\t<div class=\"elementor-widget-container\">\n\t\t\t<style>\/*! elementor - v3.17.0 - 08-11-2023 *\/\n.elementor-widget-image{text-align:center}.elementor-widget-image a{display:inline-block}.elementor-widget-image a img[src$=\".svg\"]{width:48px}.elementor-widget-image img{vertical-align:middle;display:inline-block}<\/style>\t\t\t\t\t\t\t\t\t\t\t\t<img fetchpriority=\"high\" decoding=\"async\" width=\"1024\" height=\"512\" src=\"https:\/\/bcs.com.sv\/wp-content\/uploads\/2023\/11\/slides-1-1024x512.jpg\" class=\"attachment-large size-large wp-image-101\" alt=\"\" srcset=\"https:\/\/bcs.com.sv\/wp-content\/uploads\/2023\/11\/slides-1-1024x512.jpg 1024w, https:\/\/bcs.com.sv\/wp-content\/uploads\/2023\/11\/slides-1-300x150.jpg 300w, https:\/\/bcs.com.sv\/wp-content\/uploads\/2023\/11\/slides-1-768x384.jpg 768w, https:\/\/bcs.com.sv\/wp-content\/uploads\/2023\/11\/slides-1.jpg 1200w\" sizes=\"(max-width: 1024px) 100vw, 1024px\" \/>\t\t\t\t\t\t\t\t\t\t\t\t\t\t\t<\/div>\n\t\t\t\t<\/div>\n\t\t\t\t<\/div>\n\t\t<div class=\"elementor-element elementor-element-1d35b88 e-con-full e-flex e-con e-child\" data-id=\"1d35b88\" data-element_type=\"container\" data-settings=\"{&quot;content_width&quot;:&quot;full&quot;}\">\n\t\t\t\t<div class=\"elementor-element elementor-element-f1c5df5 elementor-invisible elementor-widget elementor-widget-text-editor\" data-id=\"f1c5df5\" data-element_type=\"widget\" data-settings=\"{&quot;_animation&quot;:&quot;fadeInRight&quot;}\" data-widget_type=\"text-editor.default\">\n\t\t\t\t<div class=\"elementor-widget-container\">\n\t\t\t<style>\/*! elementor - v3.17.0 - 08-11-2023 *\/\n.elementor-widget-text-editor.elementor-drop-cap-view-stacked .elementor-drop-cap{background-color:#69727d;color:#fff}.elementor-widget-text-editor.elementor-drop-cap-view-framed .elementor-drop-cap{color:#69727d;border:3px solid;background-color:transparent}.elementor-widget-text-editor:not(.elementor-drop-cap-view-default) .elementor-drop-cap{margin-top:8px}.elementor-widget-text-editor:not(.elementor-drop-cap-view-default) .elementor-drop-cap-letter{width:1em;height:1em}.elementor-widget-text-editor .elementor-drop-cap{float:left;text-align:center;line-height:1;font-size:50px}.elementor-widget-text-editor .elementor-drop-cap-letter{display:inline-block}<\/style>\t\t\t\t<h4><span style=\"color: #000000;\">Inventario F\u00edsico de Existencias:<\/span><\/h4><p><span style=\"color: #000000;\">Efectuamos un inventario de existencias buscando la conciliaci\u00f3n de los saldos, basados en la relaci\u00f3n de valores y detalles de los elementos que componen el stock de existencias. El inventario de las existencias de una empresa, debe de ser contabilizado por personas ajenas a los intereses particulares; el inventario se puede reflejar en dos formas:<\/span><\/p><ul><li><span style=\"color: #000000;\">Inventario F\u00edsico Peri\u00f3dico: Nos da a conocer el n\u00famero de existencias en almac\u00e9n. Es recomendable al menos una vez al a\u00f1o.<\/span><\/li><li><span style=\"color: #000000;\">Inventario Permanente: Control de existencias cada vez que ingresen o salgan de almac\u00e9n.<\/span><\/li><\/ul>\t\t\t\t\t\t<\/div>\n\t\t\t\t<\/div>\n\t\t\t\t<\/div>\n\t\t\t\t\t<\/div>\n\t\t\t\t<\/div>\n\t\t<div class=\"elementor-element elementor-element-00d4240 e-flex e-con-boxed e-con e-parent\" data-id=\"00d4240\" data-element_type=\"container\" data-settings=\"{&quot;content_width&quot;:&quot;boxed&quot;}\" data-core-v316-plus=\"true\">\n\t\t\t\t\t<div class=\"e-con-inner\">\n\t\t<div class=\"elementor-element elementor-element-7cf25c7 e-con-full e-flex e-con e-child\" data-id=\"7cf25c7\" data-element_type=\"container\" data-settings=\"{&quot;content_width&quot;:&quot;full&quot;}\">\n\t\t\t\t<div class=\"elementor-element elementor-element-80d6a5f elementor-invisible elementor-widget elementor-widget-text-editor\" data-id=\"80d6a5f\" data-element_type=\"widget\" data-settings=\"{&quot;_animation&quot;:&quot;fadeInLeft&quot;}\" data-widget_type=\"text-editor.default\">\n\t\t\t\t<div class=\"elementor-widget-container\">\n\t\t\t\t\t\t\t<h4><strong><span style=\"color: #000000;\">Inventario F\u00edsico del Activo Fijo:<\/span><\/strong><\/h4><p><span style=\"color: #000000;\">Realizamos inventarios f\u00edsicos que nos brinde de forma confiable la relaci\u00f3n detallada y valorada de los elementos tangibles que componen la organizaci\u00f3n. Este proceso brinda la solvencia y la conciliaci\u00f3n del activo fijo al departamento financiero de la empresa.<\/span><\/p>\t\t\t\t\t\t<\/div>\n\t\t\t\t<\/div>\n\t\t\t\t<\/div>\n\t\t<div class=\"elementor-element elementor-element-1c9476c e-con-full e-flex e-con e-child\" data-id=\"1c9476c\" data-element_type=\"container\" data-settings=\"{&quot;content_width&quot;:&quot;full&quot;}\">\n\t\t\t\t<div class=\"elementor-element elementor-element-97c45c0 elementor-invisible elementor-widget elementor-widget-image\" data-id=\"97c45c0\" data-element_type=\"widget\" data-settings=\"{&quot;_animation&quot;:&quot;fadeInRight&quot;}\" data-widget_type=\"image.default\">\n\t\t\t\t<div class=\"elementor-widget-container\">\n\t\t\t\t\t\t\t\t\t\t\t\t\t\t\t<img decoding=\"async\" width=\"600\" height=\"387\" src=\"https:\/\/bcs.com.sv\/wp-content\/uploads\/2023\/11\/istockphoto-835809620-612x612-1-600x387-1.jpeg\" class=\"attachment-medium_large size-medium_large wp-image-135\" alt=\"\" srcset=\"https:\/\/bcs.com.sv\/wp-content\/uploads\/2023\/11\/istockphoto-835809620-612x612-1-600x387-1.jpeg 600w, https:\/\/bcs.com.sv\/wp-content\/uploads\/2023\/11\/istockphoto-835809620-612x612-1-600x387-1-300x194.jpeg 300w\" sizes=\"(max-width: 600px) 100vw, 600px\" \/>\t\t\t\t\t\t\t\t\t\t\t\t\t\t\t<\/div>\n\t\t\t\t<\/div>\n\t\t\t\t<\/div>\n\t\t\t\t\t<\/div>\n\t\t\t\t<\/div>\n\t\t\t\t\t\t\t<\/div>\n\t\t","protected":false},"excerpt":{"rendered":"<p>Soluciones de Inventario Inventario F\u00edsico de Existencias: Efectuamos un inventario de existencias buscando la conciliaci\u00f3n de los saldos, basados en la relaci\u00f3n de valores y detalles de los elementos que&hellip;<\/p>\n","protected":false},"author":1,"featured_media":0,"parent":0,"menu_order":0,"comment_status":"closed","ping_status":"closed","template":"elementor_header_footer","meta":{"footnotes":"","_joinchat":[]},"_links":{"self":[{"href":"https:\/\/bcs.com.sv\/index.php?rest_route=\/wp\/v2\/pages\/278"}],"collection":[{"href":"https:\/\/bcs.com.sv\/index.php?rest_route=\/wp\/v2\/pages"}],"about":[{"href":"https:\/\/bcs.com.sv\/index.php?rest_route=\/wp\/v2\/types\/page"}],"author":[{"embeddable":true,"href":"https:\/\/bcs.com.sv\/index.php?rest_route=\/wp\/v2\/users\/1"}],"replies":[{"embeddable":true,"href":"https:\/\/bcs.com.sv\/index.php?rest_route=%2Fwp%2Fv2%2Fcomments&post=278"}],"version-history":[{"count":7,"href":"https:\/\/bcs.com.sv\/index.php?rest_route=\/wp\/v2\/pages\/278\/revisions"}],"predecessor-version":[{"id":435,"href":"https:\/\/bcs.com.sv\/index.php?rest_route=\/wp\/v2\/pages\/278\/revisions\/435"}],"wp:attachment":[{"href":"https:\/\/bcs.com.sv\/index.php?rest_route=%2Fwp%2Fv2%2Fmedia&parent=278"}],"curies":[{"name":"wp","href":"https:\/\/api.w.org\/{rel}","templated":true}]}}