{"id":190,"date":"2023-11-11T15:49:19","date_gmt":"2023-11-11T21:49:19","guid":{"rendered":"https:\/\/bcs.com.sv\/?page_id=190"},"modified":"2023-11-29T22:57:57","modified_gmt":"2023-11-30T04:57:57","slug":"lectores-de-barra","status":"publish","type":"page","link":"https:\/\/bcs.com.sv\/?page_id=190","title":{"rendered":"Lectores de Barra"},"content":{"rendered":"\t\t<div data-elementor-type=\"wp-page\" data-elementor-id=\"190\" class=\"elementor elementor-190\">\n\t\t\t\t\t\t\t<div class=\"elementor-element elementor-element-4f3b626 e-flex e-con-boxed e-con e-parent\" data-id=\"4f3b626\" data-element_type=\"container\" data-settings=\"{&quot;content_width&quot;:&quot;boxed&quot;}\" data-core-v316-plus=\"true\">\n\t\t\t\t\t<div class=\"e-con-inner\">\n\t\t\t\t<div class=\"elementor-element elementor-element-8a76445 elementor-widget elementor-widget-heading\" data-id=\"8a76445\" data-element_type=\"widget\" data-widget_type=\"heading.default\">\n\t\t\t\t<div class=\"elementor-widget-container\">\n\t\t\t<style>\/*! elementor - v3.17.0 - 08-11-2023 *\/\n.elementor-heading-title{padding:0;margin:0;line-height:1}.elementor-widget-heading .elementor-heading-title[class*=elementor-size-]>a{color:inherit;font-size:inherit;line-height:inherit}.elementor-widget-heading .elementor-heading-title.elementor-size-small{font-size:15px}.elementor-widget-heading .elementor-heading-title.elementor-size-medium{font-size:19px}.elementor-widget-heading .elementor-heading-title.elementor-size-large{font-size:29px}.elementor-widget-heading .elementor-heading-title.elementor-size-xl{font-size:39px}.elementor-widget-heading .elementor-heading-title.elementor-size-xxl{font-size:59px}<\/style><h4 class=\"elementor-heading-title elementor-size-default\">Lectores de C\u00f3digos de Barras y Equipos de Computaci\u00f3n M\u00f3vil:<\/h4>\t\t<\/div>\n\t\t\t\t<\/div>\n\t\t\t\t<div class=\"elementor-element elementor-element-fe5b9ed elementor-widget elementor-widget-image-gallery\" data-id=\"fe5b9ed\" data-element_type=\"widget\" data-widget_type=\"image-gallery.default\">\n\t\t\t\t<div class=\"elementor-widget-container\">\n\t\t\t<style>\/*! elementor - v3.17.0 - 08-11-2023 *\/\n.elementor-image-gallery .gallery-item{display:inline-block;text-align:center;vertical-align:top;width:100%;max-width:100%;margin:0 auto}.elementor-image-gallery .gallery-item img{margin:0 auto}.elementor-image-gallery .gallery-item .gallery-caption{margin:0}.elementor-image-gallery figure img{display:block}.elementor-image-gallery figure figcaption{width:100%}.gallery-spacing-custom .elementor-image-gallery .gallery-icon{padding:0}@media (min-width:768px){.elementor-image-gallery .gallery-columns-2 .gallery-item{max-width:50%}.elementor-image-gallery .gallery-columns-3 .gallery-item{max-width:33.33%}.elementor-image-gallery .gallery-columns-4 .gallery-item{max-width:25%}.elementor-image-gallery .gallery-columns-5 .gallery-item{max-width:20%}.elementor-image-gallery .gallery-columns-6 .gallery-item{max-width:16.666%}.elementor-image-gallery .gallery-columns-7 .gallery-item{max-width:14.28%}.elementor-image-gallery .gallery-columns-8 .gallery-item{max-width:12.5%}.elementor-image-gallery .gallery-columns-9 .gallery-item{max-width:11.11%}.elementor-image-gallery .gallery-columns-10 .gallery-item{max-width:10%}}@media (min-width:480px) and (max-width:767px){.elementor-image-gallery .gallery.gallery-columns-2 .gallery-item,.elementor-image-gallery .gallery.gallery-columns-3 .gallery-item,.elementor-image-gallery .gallery.gallery-columns-4 .gallery-item,.elementor-image-gallery .gallery.gallery-columns-5 .gallery-item,.elementor-image-gallery .gallery.gallery-columns-6 .gallery-item,.elementor-image-gallery .gallery.gallery-columns-7 .gallery-item,.elementor-image-gallery .gallery.gallery-columns-8 .gallery-item,.elementor-image-gallery .gallery.gallery-columns-9 .gallery-item,.elementor-image-gallery .gallery.gallery-columns-10 .gallery-item{max-width:50%}}@media (max-width:479px){.elementor-image-gallery .gallery.gallery-columns-2 .gallery-item,.elementor-image-gallery .gallery.gallery-columns-3 .gallery-item,.elementor-image-gallery .gallery.gallery-columns-4 .gallery-item,.elementor-image-gallery .gallery.gallery-columns-5 .gallery-item,.elementor-image-gallery .gallery.gallery-columns-6 .gallery-item,.elementor-image-gallery .gallery.gallery-columns-7 .gallery-item,.elementor-image-gallery .gallery.gallery-columns-8 .gallery-item,.elementor-image-gallery .gallery.gallery-columns-9 .gallery-item,.elementor-image-gallery .gallery.gallery-columns-10 .gallery-item{max-width:100%}}<\/style>\t\t<div class=\"elementor-image-gallery\">\n\t\t\t<div id='gallery-1' class='gallery galleryid-190 gallery-columns-3 gallery-size-medium'><figure class='gallery-item'>\n\t\t\t<div class='gallery-icon landscape'>\n\t\t\t\t<a data-elementor-open-lightbox=\"yes\" data-elementor-lightbox-slideshow=\"fe5b9ed\" data-elementor-lightbox-title=\"DS9208\" data-e-action-hash=\"#elementor-action%3Aaction%3Dlightbox%26settings%3DeyJpZCI6MTM4LCJ1cmwiOiJodHRwczpcL1wvYmNzLmNvbS5zdlwvd3AtY29udGVudFwvdXBsb2Fkc1wvMjAyM1wvMTFcL2RzOTIwOF93X3VzYi5qcGVnIiwic2xpZGVzaG93IjoiZmU1YjllZCJ9\" href='https:\/\/bcs.com.sv\/wp-content\/uploads\/2023\/11\/ds9208_w_usb.jpeg'><img fetchpriority=\"high\" decoding=\"async\" width=\"300\" height=\"216\" src=\"https:\/\/bcs.com.sv\/wp-content\/uploads\/2023\/11\/ds9208_w_usb-300x216.jpeg\" class=\"attachment-medium size-medium\" alt=\"\" aria-describedby=\"gallery-1-138\" srcset=\"https:\/\/bcs.com.sv\/wp-content\/uploads\/2023\/11\/ds9208_w_usb-300x216.jpeg 300w, https:\/\/bcs.com.sv\/wp-content\/uploads\/2023\/11\/ds9208_w_usb.jpeg 469w\" sizes=\"(max-width: 300px) 100vw, 300px\" \/><\/a>\n\t\t\t<\/div>\n\t\t\t\t<figcaption class='wp-caption-text gallery-caption' id='gallery-1-138'>\n\t\t\t\tDS9208\n\t\t\t\t<\/figcaption><\/figure><figure class='gallery-item'>\n\t\t\t<div class='gallery-icon landscape'>\n\t\t\t\t<a data-elementor-open-lightbox=\"yes\" data-elementor-lightbox-slideshow=\"fe5b9ed\" data-elementor-lightbox-title=\"LI4278\" data-e-action-hash=\"#elementor-action%3Aaction%3Dlightbox%26settings%3DeyJpZCI6MTQyLCJ1cmwiOiJodHRwczpcL1wvYmNzLmNvbS5zdlwvd3AtY29udGVudFwvdXBsb2Fkc1wvMjAyM1wvMTFcL0JhcmNvZGUyLWUxNzAxMzIwNjA5NjU0LmpwZyIsInNsaWRlc2hvdyI6ImZlNWI5ZWQifQ%3D%3D\" href='https:\/\/bcs.com.sv\/wp-content\/uploads\/2023\/11\/Barcode2-e1701320609654.jpg'><img decoding=\"async\" width=\"294\" height=\"229\" src=\"https:\/\/bcs.com.sv\/wp-content\/uploads\/2023\/11\/Barcode2-e1701320609654.jpg\" class=\"attachment-medium size-medium\" alt=\"\" aria-describedby=\"gallery-1-142\" \/><\/a>\n\t\t\t<\/div>\n\t\t\t\t<figcaption class='wp-caption-text gallery-caption' id='gallery-1-142'>\n\t\t\t\tLI4278\n\t\t\t\t<\/figcaption><\/figure><figure class='gallery-item'>\n\t\t\t<div class='gallery-icon landscape'>\n\t\t\t\t<a data-elementor-open-lightbox=\"yes\" data-elementor-lightbox-slideshow=\"fe5b9ed\" data-elementor-lightbox-title=\"LS2208\" data-e-action-hash=\"#elementor-action%3Aaction%3Dlightbox%26settings%3DeyJpZCI6MTQxLCJ1cmwiOiJodHRwczpcL1wvYmNzLmNvbS5zdlwvd3AtY29udGVudFwvdXBsb2Fkc1wvMjAyM1wvMTFcL0JhcmNvZGUxLWUxNzAxMzIwNTg2NTU4LmpwZyIsInNsaWRlc2hvdyI6ImZlNWI5ZWQifQ%3D%3D\" href='https:\/\/bcs.com.sv\/wp-content\/uploads\/2023\/11\/Barcode1-e1701320586558.jpg'><img decoding=\"async\" width=\"300\" height=\"199\" src=\"https:\/\/bcs.com.sv\/wp-content\/uploads\/2023\/11\/Barcode1-e1701320586558-300x199.jpg\" class=\"attachment-medium size-medium\" alt=\"\" aria-describedby=\"gallery-1-141\" srcset=\"https:\/\/bcs.com.sv\/wp-content\/uploads\/2023\/11\/Barcode1-e1701320586558-300x199.jpg 300w, https:\/\/bcs.com.sv\/wp-content\/uploads\/2023\/11\/Barcode1-e1701320586558.jpg 340w\" sizes=\"(max-width: 300px) 100vw, 300px\" \/><\/a>\n\t\t\t<\/div>\n\t\t\t\t<figcaption class='wp-caption-text gallery-caption' id='gallery-1-141'>\n\t\t\t\tLS2208\n\t\t\t\t<\/figcaption><\/figure><figure class='gallery-item'>\n\t\t\t<div class='gallery-icon landscape'>\n\t\t\t\t<a data-elementor-open-lightbox=\"yes\" data-elementor-lightbox-slideshow=\"fe5b9ed\" data-elementor-lightbox-title=\"MC3200 Android \u2013 Windows Mobile\" data-e-action-hash=\"#elementor-action%3Aaction%3Dlightbox%26settings%3DeyJpZCI6MjIzLCJ1cmwiOiJodHRwczpcL1wvYmNzLmNvbS5zdlwvd3AtY29udGVudFwvdXBsb2Fkc1wvMjAyM1wvMTFcL21jMzIwMC1zcGVjLXNoZWV0LWFzc2V0LXBob3RvZ3JhcGh5LmpwZWciLCJzbGlkZXNob3ciOiJmZTViOWVkIn0%3D\" href='https:\/\/bcs.com.sv\/wp-content\/uploads\/2023\/11\/mc3200-spec-sheet-asset-photography.jpeg'><img loading=\"lazy\" decoding=\"async\" width=\"300\" height=\"200\" src=\"https:\/\/bcs.com.sv\/wp-content\/uploads\/2023\/11\/mc3200-spec-sheet-asset-photography-300x200.jpeg\" class=\"attachment-medium size-medium\" alt=\"\" aria-describedby=\"gallery-1-223\" srcset=\"https:\/\/bcs.com.sv\/wp-content\/uploads\/2023\/11\/mc3200-spec-sheet-asset-photography-300x200.jpeg 300w, https:\/\/bcs.com.sv\/wp-content\/uploads\/2023\/11\/mc3200-spec-sheet-asset-photography.jpeg 600w\" sizes=\"(max-width: 300px) 100vw, 300px\" \/><\/a>\n\t\t\t<\/div>\n\t\t\t\t<figcaption class='wp-caption-text gallery-caption' id='gallery-1-223'>\n\t\t\t\tMC3200 Android \u2013 Windows Mobile\n\t\t\t\t<\/figcaption><\/figure><figure class='gallery-item'>\n\t\t\t<div class='gallery-icon landscape'>\n\t\t\t\t<a data-elementor-open-lightbox=\"yes\" data-elementor-lightbox-slideshow=\"fe5b9ed\" data-elementor-lightbox-title=\"MC3190-Z-300\" data-e-action-hash=\"#elementor-action%3Aaction%3Dlightbox%26settings%3DeyJpZCI6MjI1LCJ1cmwiOiJodHRwczpcL1wvYmNzLmNvbS5zdlwvd3AtY29udGVudFwvdXBsb2Fkc1wvMjAyM1wvMTFcL01DMzE5MC1aLTMwMC5wbmciLCJzbGlkZXNob3ciOiJmZTViOWVkIn0%3D\" href='https:\/\/bcs.com.sv\/wp-content\/uploads\/2023\/11\/MC3190-Z-300.png'><img loading=\"lazy\" decoding=\"async\" width=\"300\" height=\"300\" src=\"https:\/\/bcs.com.sv\/wp-content\/uploads\/2023\/11\/MC3190-Z-300.png\" class=\"attachment-medium size-medium\" alt=\"\" aria-describedby=\"gallery-1-225\" srcset=\"https:\/\/bcs.com.sv\/wp-content\/uploads\/2023\/11\/MC3190-Z-300.png 300w, https:\/\/bcs.com.sv\/wp-content\/uploads\/2023\/11\/MC3190-Z-300-150x150.png 150w\" sizes=\"(max-width: 300px) 100vw, 300px\" \/><\/a>\n\t\t\t<\/div>\n\t\t\t\t<figcaption class='wp-caption-text gallery-caption' id='gallery-1-225'>\n\t\t\t\tMC3190-Z RFID Reader\n\t\t\t\t<\/figcaption><\/figure><figure class='gallery-item'>\n\t\t\t<div class='gallery-icon landscape'>\n\t\t\t\t<a data-elementor-open-lightbox=\"yes\" data-elementor-lightbox-slideshow=\"fe5b9ed\" data-elementor-lightbox-title=\"MC67 Android \u2013 Windows Mobile\" data-e-action-hash=\"#elementor-action%3Aaction%3Dlightbox%26settings%3DeyJpZCI6NDAxLCJ1cmwiOiJodHRwczpcL1wvYmNzLmNvbS5zdlwvd3AtY29udGVudFwvdXBsb2Fkc1wvMjAyM1wvMTFcL01DNjctTW9iaWxlLUNvbXB1dGVyLWxhcmdlLTEuanBlZyIsInNsaWRlc2hvdyI6ImZlNWI5ZWQifQ%3D%3D\" href='https:\/\/bcs.com.sv\/wp-content\/uploads\/2023\/11\/MC67-Mobile-Computer-large-1.jpeg'><img loading=\"lazy\" decoding=\"async\" width=\"300\" height=\"225\" src=\"https:\/\/bcs.com.sv\/wp-content\/uploads\/2023\/11\/MC67-Mobile-Computer-large-1-300x225.jpeg\" class=\"attachment-medium size-medium\" alt=\"\" aria-describedby=\"gallery-1-401\" srcset=\"https:\/\/bcs.com.sv\/wp-content\/uploads\/2023\/11\/MC67-Mobile-Computer-large-1-300x225.jpeg 300w, https:\/\/bcs.com.sv\/wp-content\/uploads\/2023\/11\/MC67-Mobile-Computer-large-1-768x576.jpeg 768w, https:\/\/bcs.com.sv\/wp-content\/uploads\/2023\/11\/MC67-Mobile-Computer-large-1.jpeg 800w\" sizes=\"(max-width: 300px) 100vw, 300px\" \/><\/a>\n\t\t\t<\/div>\n\t\t\t\t<figcaption class='wp-caption-text gallery-caption' id='gallery-1-401'>\n\t\t\t\tMC67 Android \u2013 Windows Mobile\n\t\t\t\t<\/figcaption><\/figure>\n\t\t<\/div>\n\t\t<\/div>\n\t\t\t\t<\/div>\n\t\t\t\t<\/div>\n\t\t\t\t\t<\/div>\n\t\t\t\t<\/div>\n\t\t\t\t\t\t\t<\/div>\n\t\t","protected":false},"excerpt":{"rendered":"<p>Lectores de C\u00f3digos de Barras y Equipos de Computaci\u00f3n M\u00f3vil: DS9208 LI4278 LS2208 MC3200 Android \u2013 Windows Mobile MC3190-Z RFID Reader MC67 Android \u2013 Windows Mobile<\/p>\n","protected":false},"author":1,"featured_media":0,"parent":0,"menu_order":0,"comment_status":"closed","ping_status":"closed","template":"page-templates\/template-sinatra-fullwidth.php","meta":{"footnotes":"","_joinchat":[]},"_links":{"self":[{"href":"https:\/\/bcs.com.sv\/index.php?rest_route=\/wp\/v2\/pages\/190"}],"collection":[{"href":"https:\/\/bcs.com.sv\/index.php?rest_route=\/wp\/v2\/pages"}],"about":[{"href":"https:\/\/bcs.com.sv\/index.php?rest_route=\/wp\/v2\/types\/page"}],"author":[{"embeddable":true,"href":"https:\/\/bcs.com.sv\/index.php?rest_route=\/wp\/v2\/users\/1"}],"replies":[{"embeddable":true,"href":"https:\/\/bcs.com.sv\/index.php?rest_route=%2Fwp%2Fv2%2Fcomments&post=190"}],"version-history":[{"count":19,"href":"https:\/\/bcs.com.sv\/index.php?rest_route=\/wp\/v2\/pages\/190\/revisions"}],"predecessor-version":[{"id":410,"href":"https:\/\/bcs.com.sv\/index.php?rest_route=\/wp\/v2\/pages\/190\/revisions\/410"}],"wp:attachment":[{"href":"https:\/\/bcs.com.sv\/index.php?rest_route=%2Fwp%2Fv2%2Fmedia&parent=190"}],"curies":[{"name":"wp","href":"https:\/\/api.w.org\/{rel}","templated":true}]}}